What is the ten thousands digit of 4123127?
2
What is the units digit of 39788391?
1
What is the hundreds digit of 3929369?
3
What is the hundreds digit of 16115685?
6
What is the hundreds digit of 1395661?
6
What is the ten thousands digit of 2184397?
8
What is the units digit of 1945224?
4
What is the units digit of 3786683?
3
What is the thousands digit of 96360?
6
What is the tens digit of 922433?
3
What is the ten thousands digit of 162233?
6
What is the units digit of 5414702?
2
What is the thousands digit of 3652126?
2
What is the ten thousands digit of 573313?
7
What is the ten thousands digit of 108979?
0
What is the hundreds digit of 22812343?
3
What is the hundred thousands digit of 809371?
8
What is the hundreds digit of 761951?
9
What is the hundreds digit of 46694?
6
What is the hundreds digit of 2453187?
1
What is the millions digit of 3253124?
3
What is the ten millions digit of 24198825?
2
What is the thousands digit of 5111777?
1
What is the units digit of 4500894?
4
What is the ten thousands digit of 365050?
6
What is the units digit of 9468651?
1
What is the thousands digit of 296737?
6
What is the tens digit of 932659?
5
What is the hundreds digit of 39774?
7
What is the ten thousands digit of 15768530?
6
What is the tens digit of 415343?
4
What is the tens digit of 553619?
1
What is the tens digit of 270028?
2
What is the ten thousands digit of 439344?
3
What is the tens digit of 186113?
1
What is the thousands digit of 12909464?
9
What is the tens digit of 13116605?
0
What is the units digit of 704054?
4
What is the tens digit of 72946?
4
What is the ten thousands digit of 72435?
7
What is the units digit of 22514915?
5
What is the tens digit of 4205062?
6
What is the thousands digit of 3822899?
2
What is the hundreds digit of 1448791?
7
What is the tens digit of 49553?
5
What is the hundreds digit of 73204?
2
What is the ten thousands digit of 103150?
0
What is the units digit of 11935918?
8
What is the hundreds digit of 3555187?
1
What is the units digit of 1872571?
1
What is the thousands digit of 539053?
9
What is the thousands digit of 106979?
6
What is the hundred thousands digit of 679945?
6
What is the thousands digit of 85634?
5
What is the hundred thousands digit of 227799?
2
What is the hundreds digit of 1047886?
8
What is the thousands digit of 1555623?
5
What is the ten thousands digit of 608872?
0
What is the hundred thousands digit of 139362?
1
What is the units digit of 378628?
8
What is the ten thousands digit of 2297088?
9
What is the thousands digit of 2022469?
2
What is the thousands digit of 28127296?
7
What is the thousands digit of 559720?
9
What is the tens digit of 11313915?
1
What is the ten thousands digit of 84664?
8
What is the units digit of 715215?
5
What is the tens digit of 1369108?
0
What is the hundred thousands digit of 11580273?
5
What is the tens digit of 372150?
5
What is the hundred thousands digit of 353742?
3
What is the hundreds digit of 496866?
8
What is the hundred thousands digit of 215987?
2
What is the thousands digit of 236243?
6
What is the units digit of 2770375?
5
What is the millions digit of 1280319?
1
What is the ten thousands digit of 81372?
8
What is the hundreds digit of 1183096?
0
What is the hundreds digit of 180842?
8
What is the thousands digit of 75683?
5
What is the thousands digit of 38842400?
2
What is the hundreds digit of 4680670?
6
What is the ten thousands digit of 2951720?
5
What is the ten thousands digit of 231137?
3
What is the hundred thousands digit of 8181358?
1
What is the millions digit of 6474129?
6
What is the tens digit of 10527077?
7
What is the thousands digit of 4223994?
3
What is the tens digit of 207387?
8
What is the hundred thousands digit of 409950?
4
What is the millions digit of 8372544?
8
What is the millions digit of 1071939?
1
What is the ten thousands digit of 106035?
0
What is the units digit of 7090124?
4
What is the ten thousands digit of 12180455?
8
What is the ten millions digit of 12278206?
1
What is the hundreds digit of 5495572?
5
What is the tens digit of 1087773?
7
What is the thousands digit of 540599?
0
What is the tens digit of 401638?
3
What is the thousands digit of 11420740?
0
What is the ten thousands digit of 552335?
5
What is the thousands digit of 16215883?
5
What is the hundreds digit of 740064?
0
What is the hundreds digit of 32135215?
2
What is the ten thousands digit of 7025623?
2
What is the tens digit of 144568?
6
What is the hundreds digit of 199689?
6
What is the hundred thousands digit of 5825667?
8
What is the tens digit of 15519921?
2
What is the ten thousands digit of 108787?
0
What is the tens digit of 1221225?
2
What is the hundred thousands digit of 12585323?
5
What is the thousands digit of 4548709?
8
What is the tens digit of 373684?
8
What is the hundreds digit of 10018905?
9
What is the tens digit of 3876792?
9
What is the hundred thousands digit of 8764177?
7
What is the ten thousands digit of 211898?
1
What is the ten thousands digit of 238113?
3
What is the hundreds digit of 952694?
6
What is the hundreds digit of 20721?
7
What is the units digit of 2531859?
9
What is the hundred thousands digit of 291670?
2
What is the hundred thousands digit of 182748?
1
What is the units digit of 1033297?
7
What is the hundreds digit of 8395651?
6
What is the thousands digit of 2051924?
1
What is the thousands digit of 2159740?
9
What is the thousands digit of 1437464?
7
What is the hundred thousands digit of 2100433?
1
What is the ten thousands digit of 602064?
0
What is the hundred thousands digit of 3221315?
2
What is the hundreds digit of 8660804?
8
What is the tens digit of 236026?
2
What is the hundred thousands digit of 212966?
2
What is the tens digit of 11167094?
9
What is the tens digit of 4608535?
3
What is the hundreds digit of 203372?
3
What is the tens digit of 34649?
4
What is the millions digit of 2406878?
2
What is the tens digit of 6568792?
9
What is the hundred thousands digit of 5612897?
6
What is the tens digit of 2575069?
6
What is the hundreds digit of 17545948?
9
What is the ten thousands digit of 15636245?
3
What is the thousands digit of 9620275?
0
What is the hundred thousands digit of 29045365?
0
What is the units digit of 205734?
4
What is the hundreds digit of 1211588?
5
What is the ten thousands digit of 248540?
4
What is the hundred thousands digit of 334178?
3
What is the units digit of 774514?
4
What is the millions digit of 24306130?
4
What is the thousands digit of 7247780?
7
What is the hundreds digit of 1857470?
4
What is the units digit of 25236?
6
What is the units digit of 12189883?
3
What is the millions digit of 1290635?
1
What is the units digit of 1270973?
3
What is the millions digit of 14583050?
4
What is the thousands digit of 84898?
4
What is the ten thousands digit of 2411204?
1
What is the hundreds digit of 22352859?
8
What is the units digit of 11096?
6
What is the millions digit of 1161393?
1
What is the hundred thousands digit of 6219218?
2
What is the ten thousands digit of 15670?
1
What is the hundreds digit of 288139?
1
What is the hundred thousands digit of 120492?
1
What is the ten thousands digit of 485137?
8
What is the hundred thousands digit of 3501649?
5
What is the units digit of 344800?
0
What is the hundred thousands digit of 7840325?
8
What is the thousands digit of 22675575?
5
What is the tens digit of 202989?
8
What is the tens digit of 1083576?
7
What is the hundred thousands digit of 10118574?
1
What is the units digit of 884141?
1
What is the thousands digit of 2271389?
1
What is the hundreds digit of 2461207?
2
What is the ten thousands digit of 214311?
1
What is the thousands digit of 1879098?
9
What is the tens digit of 432264?
6
What is the tens digit of 5602978?
7
What is the hundred thousands digit of 1351245?
3
What is the thousands digit of 392535?
2
What is the thousands digit of 25701335?
1
What is the thousands digit of 214199?
4
What is the hundred thousands digit of 1846091?
8
What is the tens digit of 1298989?
8
What is the hundred thousands digit of 9103485?
1
What is the ten thousands digit of 1226123?
2
What is the ten thousands digit of 928009?
2
What is the hundreds digit of 236366?
3
What is the hundred